{"id":1050,"date":"2019-01-30T10:31:53","date_gmt":"2019-01-30T09:31:53","guid":{"rendered":"http:\/\/www.agema-atheo.fr\/?post_type=project&#038;p=1050"},"modified":"2024-12-19T08:02:01","modified_gmt":"2024-12-19T07:02:01","slug":"lat-theo","status":"publish","type":"project","link":"https:\/\/www.agema-atheo.fr\/index.php\/project\/lat-theo\/","title":{"rendered":"Lat-Th\u00e9o"},"content":{"rendered":"<p>[et_pb_section fb_built=&#8221;1&#8243; admin_label=&#8221;Section TITRE&#8221; _builder_version=&#8221;4.16&#8243; custom_padding=&#8221;25.59375px|0px|0|0px|false|false&#8221; global_colors_info=&#8221;{}&#8221;][et_pb_row admin_label=&#8221;Ligne TITRE&#8221; _builder_version=&#8221;4.16&#8243; global_colors_info=&#8221;{}&#8221;][et_pb_column type=&#8221;4_4&#8243; _builder_version=&#8221;4.16&#8243; custom_padding=&#8221;|||&#8221; global_colors_info=&#8221;{}&#8221; custom_padding__hover=&#8221;|||&#8221;][et_pb_text admin_label=&#8221;Texte TITRE produit&#8221; _builder_version=&#8221;4.16&#8243; header_font=&#8221;Montserrat|700||on|||||&#8221; header_font_size=&#8221;70px&#8221; header_2_font=&#8221;Montserrat|300||on|||||&#8221; header_2_text_color=&#8221;#e53b9e&#8221; global_colors_info=&#8221;{}&#8221;]<\/p>\n<h1>Lat-Th\u00e9o<\/h1>\n<h2>Brancard de bain ouvrant sur 2 c\u00f4t\u00e9s<\/h2>\n<p>[\/et_pb_text][\/et_pb_column][\/et_pb_row][\/et_pb_section][et_pb_section fb_built=&#8221;1&#8243; admin_label=&#8221;Section Images&#8221; _builder_version=&#8221;4.16&#8243; custom_padding=&#8221;0|0px|0|0px|false|false&#8221; global_colors_info=&#8221;{}&#8221;][et_pb_row _builder_version=&#8221;4.16&#8243; custom_padding=&#8221;12.796875px|0px|0|0px|false|false&#8221; global_colors_info=&#8221;{}&#8221;][et_pb_column type=&#8221;4_4&#8243; _builder_version=&#8221;4.16&#8243; custom_padding=&#8221;|||&#8221; global_colors_info=&#8221;{}&#8221; custom_padding__hover=&#8221;|||&#8221;][et_pb_image src=&#8221;http:\/\/www.agema-atheo.fr\/wp-content\/uploads\/2024\/07\/lat-0.jpg&#8221; title_text=&#8221;lat 0&#8243; align_tablet=&#8221;center&#8221; align_phone=&#8221;&#8221; align_last_edited=&#8221;on|desktop&#8221; admin_label=&#8221;Grande image&#8221; _builder_version=&#8221;4.26.0&#8243; global_colors_info=&#8221;{}&#8221;][\/et_pb_image][et_pb_gallery gallery_ids=&#8221;2081,2082,2007,2084&#8243; show_title_and_caption=&#8221;off&#8221; show_pagination=&#8221;off&#8221; zoom_icon_color=&#8221;rgba(0,0,0,0)&#8221; _builder_version=&#8221;4.26.0&#8243; border_color_all=&#8221;rgba(0,0,0,0)&#8221; global_colors_info=&#8221;{}&#8221; border_width_all__hover_enabled=&#8221;on&#8221;][\/et_pb_gallery][\/et_pb_column][\/et_pb_row][\/et_pb_section][et_pb_section fb_built=&#8221;1&#8243; _builder_version=&#8221;4.16&#8243; custom_padding=&#8221;25.59375px|0px|0|0px|false|false&#8221; global_colors_info=&#8221;{}&#8221;][et_pb_row _builder_version=&#8221;4.16&#8243; custom_padding=&#8221;0|0px|0|0px|false|false&#8221; global_colors_info=&#8221;{}&#8221;][et_pb_column type=&#8221;4_4&#8243; _builder_version=&#8221;4.16&#8243; custom_padding=&#8221;|||&#8221; global_colors_info=&#8221;{}&#8221; custom_padding__hover=&#8221;|||&#8221;][et_pb_text _builder_version=&#8221;4.16&#8243; text_font=&#8221;Montserrat||||||||&#8221; header_font=&#8221;||||||||&#8221; header_2_font=&#8221;Montserrat|700||on|||||&#8221; text_orientation=&#8221;justified&#8221; global_colors_info=&#8221;{}&#8221;]<\/p>\n<div class=\"et_pb_text et_pb_module et_pb_bg_layout_light et_pb_text_align_left  et_pb_text_1\">\n<div class=\"et_pb_text_inner\">\n<h2>Description<\/h2>\n<\/div>\n<\/div>\n<p><span>V\u00e9ritable couteau-suisse, le Lat-Th\u00e9o permet douches et bains. Une fois ses c\u00f4t\u00e9s rabattus il se<span class=\"Apple-converted-space\">\u00a0 <\/span>transformera aussi bien en un chariot de transfert ou en table \u00e0 langer. Mont\u00e9 de base sur une embase en inox, le bain peut \u00e9galement \u00eatre pos\u00e9 sur une baignoire.<\/span><\/p>\n<p><span>Lat-Th\u00e9o existe \u00e9galement pour les \u00e9tablissements de sant\u00e9. Un version mont\u00e9e sur 4 v\u00e9rins hydrauliques permettant d\u2019abaisser ou de monter la base du bain et \u00e9quip\u00e9e de roulettes sp\u00e9cifiques aux h\u00f4pitaux.<\/span><\/p>\n<p>[\/et_pb_text][\/et_pb_column][\/et_pb_row][\/et_pb_section][et_pb_section fb_built=&#8221;1&#8243; _builder_version=&#8221;4.16&#8243; custom_padding=&#8221;25.59375px|0px|0|0px|false|false&#8221; global_colors_info=&#8221;{}&#8221;][et_pb_row _builder_version=&#8221;4.16&#8243; custom_padding=&#8221;0|0px|12.796875px|0px|false|false&#8221; global_colors_info=&#8221;{}&#8221;][et_pb_column type=&#8221;4_4&#8243; _builder_version=&#8221;4.16&#8243; custom_padding=&#8221;|||&#8221; global_colors_info=&#8221;{}&#8221; custom_padding__hover=&#8221;|||&#8221;][et_pb_text _builder_version=&#8221;4.16&#8243; text_font=&#8221;Montserrat||||||||&#8221; header_font=&#8221;||||||||&#8221; header_2_font=&#8221;Montserrat|700||on|||||&#8221; text_orientation=&#8221;justified&#8221; global_colors_info=&#8221;{}&#8221;]<\/p>\n<div class=\"et_pb_text et_pb_module et_pb_bg_layout_light et_pb_text_align_left  et_pb_text_1\">\n<div class=\"et_pb_text_inner\">\n<h2>caract\u00e9ristiques<\/h2>\n<\/div>\n<\/div>\n<p>[\/et_pb_text][\/et_pb_column][\/et_pb_row][et_pb_row _builder_version=&#8221;4.16&#8243; global_colors_info=&#8221;{}&#8221;][et_pb_column type=&#8221;4_4&#8243; _builder_version=&#8221;4.16&#8243; custom_padding=&#8221;|||&#8221; global_colors_info=&#8221;{}&#8221; custom_padding__hover=&#8221;|||&#8221;][et_pb_text _builder_version=&#8221;4.16&#8243; text_font=&#8221;Montserrat||||||||&#8221; header_font=&#8221;||||||||&#8221; header_2_font=&#8221;Montserrat|700||on|||||&#8221; header_3_font=&#8221;Montserrat|||on|||||&#8221; text_orientation=&#8221;justified&#8221; global_colors_info=&#8221;{}&#8221;]<\/p>\n<p><span>R\u00e9f\u00e9rences : LATSB, LATER, LATSBER<\/span><\/p>\n<p><span><b>Longueur\u00a0ext\u00e9rieure\/int\u00e9rieure<\/b> :<br \/>162\/140cm<\/span><\/p>\n<p><span><b>Largeur<\/b> :<br \/>60\/50, 70\/60, 80\/70cm<\/span><\/p>\n<p><span><b>Hauteur du bain <\/b><i>(bords)<\/i> :<br \/>31cm<\/span><\/p>\n<p><span><b>Hauteur sur embase<\/b> :<br \/>86cm<\/span><\/p>\n<p><span><b>Epaisseur<\/b><i> (pli\u00e9)<\/i> :<br \/>21cm<\/span><\/p>\n<p><span><b>Poids<\/b>\u00a0:<br \/>14,4kg (LATSB 162\/70), 19,2kg (LATER 162\/70), 21,4kg (LATSBER\u00a0 162\/70)<\/span><\/p>\n<p><span><b>Poids max. d&#8217;utilisation<\/b> <i>(personne+eau)<\/i>\u00a0:<br \/>150kg<\/span><\/p>\n<p><span><b>Coloris<\/b> :<br \/>Bleu, rouge, orange, jaune, gris, noir<\/span><\/p>\n<p><span>*caract\u00e9ristiques des mod\u00e8les standards 162\/70<\/span><\/p>\n<p>[\/et_pb_text][\/et_pb_column][\/et_pb_row][et_pb_row _builder_version=&#8221;4.16&#8243; global_colors_info=&#8221;{}&#8221;][et_pb_column type=&#8221;4_4&#8243; _builder_version=&#8221;4.16&#8243; custom_padding=&#8221;|||&#8221; global_colors_info=&#8221;{}&#8221; custom_padding__hover=&#8221;|||&#8221;][et_pb_button button_url=&#8221;http:\/\/www.agema-atheo.fr\/wp-content\/uploads\/2024\/12\/AGEMA-Fiche-Lat-Theo-PDF-web.pdf&#8221; url_new_window=&#8221;on&#8221; button_text=&#8221;Fiche produit d\u00e9taill\u00e9e (PDF)&#8221; button_alignment=&#8221;center&#8221; _builder_version=&#8221;4.27.2&#8243; custom_button=&#8221;on&#8221; button_text_color=&#8221;#ffffff&#8221; button_bg_color=&#8221;#e53b9e&#8221; button_border_width=&#8221;0px&#8221; button_border_color=&#8221;#e53b9e&#8221; button_border_radius=&#8221;100px&#8221; button_letter_spacing=&#8221;0px&#8221; button_font=&#8221;||||||||&#8221; button_icon=&#8221;&#x68;||divi||400&#8243; hover_enabled=&#8221;0&#8243; global_colors_info=&#8221;{}&#8221; button_bg_color__hover_enabled=&#8221;on&#8221; button_bg_color__hover=&#8221;#e53b9e&#8221; sticky_enabled=&#8221;0&#8243;][\/et_pb_button][\/et_pb_column][\/et_pb_row][\/et_pb_section][et_pb_section fb_built=&#8221;1&#8243; _builder_version=&#8221;4.16&#8243; global_colors_info=&#8221;{}&#8221;][et_pb_row _builder_version=&#8221;4.16&#8243; global_colors_info=&#8221;{}&#8221;][et_pb_column type=&#8221;4_4&#8243; _builder_version=&#8221;4.16&#8243; custom_padding=&#8221;|||&#8221; global_colors_info=&#8221;{}&#8221; custom_padding__hover=&#8221;|||&#8221;][et_pb_text _builder_version=&#8221;4.16&#8243; text_font=&#8221;Montserrat||||||||&#8221; header_font=&#8221;||||||||&#8221; header_2_font=&#8221;Montserrat|700||on|||||&#8221; text_orientation=&#8221;justified&#8221; global_colors_info=&#8221;{}&#8221;]<\/p>\n<div class=\"et_pb_text et_pb_module et_pb_bg_layout_light et_pb_text_align_left  et_pb_text_1\">\n<div class=\"et_pb_text_inner\">\n<h2>accessoires compatibles<\/h2>\n<\/div>\n<\/div>\n<p>[\/et_pb_text][et_pb_portfolio fullwidth=&#8221;off&#8221; posts_number=&#8221;20&#8243; include_categories=&#8221;30&#8243; show_categories=&#8221;off&#8221; show_pagination=&#8221;off&#8221; zoom_icon_color=&#8221;rgba(0,0,0,0)&#8221; _builder_version=&#8221;4.16&#8243; title_level=&#8221;h3&#8243; title_font=&#8221;Montserrat||||||||&#8221; title_font_size=&#8221;15px&#8221; global_colors_info=&#8221;{}&#8221;][\/et_pb_portfolio][\/et_pb_column][\/et_pb_row][\/et_pb_section]<\/p>\n","protected":false},"excerpt":{"rendered":"<p>Lat-Th\u00e9o Brancard de bain ouvrant sur 2 c\u00f4t\u00e9s Description V\u00e9ritable couteau-suisse, le Lat-Th\u00e9o permet douches et bains. Une fois ses c\u00f4t\u00e9s rabattus il se\u00a0 transformera aussi bien en un chariot de transfert ou en table \u00e0 langer. Mont\u00e9 de base sur une embase en inox, le bain peut \u00e9galement \u00eatre pos\u00e9 sur une baignoire. Lat-Th\u00e9o [&hellip;]<\/p>\n","protected":false},"author":1,"featured_media":2007,"comment_status":"closed","ping_status":"closed","template":"","meta":{"_et_pb_use_builder":"on","_et_pb_old_content":"","_et_gb_content_width":"","footnotes":""},"project_category":[42],"project_tag":[],"class_list":["post-1050","project","type-project","status-publish","has-post-thumbnail","hentry","project_category-lat-theo"],"_links":{"self":[{"href":"https:\/\/www.agema-atheo.fr\/index.php\/wp-json\/wp\/v2\/project\/1050","targetHints":{"allow":["GET"]}}],"collection":[{"href":"https:\/\/www.agema-atheo.fr\/index.php\/wp-json\/wp\/v2\/project"}],"about":[{"href":"https:\/\/www.agema-atheo.fr\/index.php\/wp-json\/wp\/v2\/types\/project"}],"author":[{"embeddable":true,"href":"https:\/\/www.agema-atheo.fr\/index.php\/wp-json\/wp\/v2\/users\/1"}],"replies":[{"embeddable":true,"href":"https:\/\/www.agema-atheo.fr\/index.php\/wp-json\/wp\/v2\/comments?post=1050"}],"version-history":[{"count":5,"href":"https:\/\/www.agema-atheo.fr\/index.php\/wp-json\/wp\/v2\/project\/1050\/revisions"}],"predecessor-version":[{"id":2297,"href":"https:\/\/www.agema-atheo.fr\/index.php\/wp-json\/wp\/v2\/project\/1050\/revisions\/2297"}],"wp:featuredmedia":[{"embeddable":true,"href":"https:\/\/www.agema-atheo.fr\/index.php\/wp-json\/wp\/v2\/media\/2007"}],"wp:attachment":[{"href":"https:\/\/www.agema-atheo.fr\/index.php\/wp-json\/wp\/v2\/media?parent=1050"}],"wp:term":[{"taxonomy":"project_category","embeddable":true,"href":"https:\/\/www.agema-atheo.fr\/index.php\/wp-json\/wp\/v2\/project_category?post=1050"},{"taxonomy":"project_tag","embeddable":true,"href":"https:\/\/www.agema-atheo.fr\/index.php\/wp-json\/wp\/v2\/project_tag?post=1050"}],"curies":[{"name":"wp","href":"https:\/\/api.w.org\/{rel}","templated":true}]}}

Lat-Théo

<p>[et_pb_section fb_built=&#8221;1&#8243; admin_label=&#8221;Section TITRE&#8221; _builder_version=&#8221;4.16&#8243; custom_padding=&#8221;25.59375px|0px|0|0px|false|false&#8221; global_colors_info=&#8221;{}&#8221;][et_pb_row admin_label=&#8221;Ligne TITRE&#8221; _builder_version=&#8221;4.16&#8243; global_colors_info=&#8221;{}&#8221;][et_pb_column type=&#8221;4_4&#8243; _builder_version=&#8221;4.16&#8243; custom_padding=&#8221;|||&#8221; global_colors_info=&#8221;{}&#8221; custom_padding__hover=&#8221;|||&#8221;][et_pb_text admin_label=&#8221;Texte TITRE produit&#8221; _builder_version=&#8221;4.16&#8243; header_font=&#8221;Montserrat|700||on|||||&#8221; header_font_size=&#8221;70px&#8221; header_2_font=&#8221;Montserrat|300||on|||||&#8221; header_2_text_color=&#8221;#e53b9e&#8221; global_colors_info=&#8221;{}&#8221;]</p>
<h1>Lat-Théo</h1>
<h2>Brancard de bain ouvrant sur 2 côtés</h2>
<p>[/et_pb_text][/et_pb_column][/et_pb_row][/et_pb_section][et_pb_section fb_built=&#8221;1&#8243; admin_label=&#8221;Section Images&#8221; _builder_version=&#8221;4.16&#8243; custom_padding=&#8221;0|0px|0|0px|false|false&#8221; global_colors_info=&#8221;{}&#8221;][et_pb_row _builder_version=&#8221;4.16&#8243; custom_padding=&#8221;12.796875px|0px|0|0px|false|false&#8221; global_colors_info=&#8221;{}&#8221;][et_pb_column type=&#8221;4_4&#8243; _builder_version=&#8221;4.16&#8243; custom_padding=&#8221;|||&#8221; global_colors_info=&#8221;{}&#8221; custom_padding__hover=&#8221;|||&#8221;][et_pb_image src=&#8221;http://www.agema-atheo.fr/wp-content/uploads/2024/07/lat-0.jpg&#8221; title_text=&#8221;lat 0&#8243; align_tablet=&#8221;center&#8221; align_phone=&#8221;&#8221; align_last_edited=&#8221;on|desktop&#8221; admin_label=&#8221;Grande image&#8221; _builder_version=&#8221;4.26.0&#8243; global_colors_info=&#8221;{}&#8221;][/et_pb_image][et_pb_gallery gallery_ids=&#8221;2081,2082,2007,2084&#8243; show_title_and_caption=&#8221;off&#8221; show_pagination=&#8221;off&#8221; zoom_icon_color=&#8221;rgba(0,0,0,0)&#8221; _builder_version=&#8221;4.26.0&#8243; border_color_all=&#8221;rgba(0,0,0,0)&#8221; global_colors_info=&#8221;{}&#8221; border_width_all__hover_enabled=&#8221;on&#8221;][/et_pb_gallery][/et_pb_column][/et_pb_row][/et_pb_section][et_pb_section fb_built=&#8221;1&#8243; _builder_version=&#8221;4.16&#8243; custom_padding=&#8221;25.59375px|0px|0|0px|false|false&#8221; global_colors_info=&#8221;{}&#8221;][et_pb_row _builder_version=&#8221;4.16&#8243; custom_padding=&#8221;0|0px|0|0px|false|false&#8221; global_colors_info=&#8221;{}&#8221;][et_pb_column type=&#8221;4_4&#8243; _builder_version=&#8221;4.16&#8243; custom_padding=&#8221;|||&#8221; global_colors_info=&#8221;{}&#8221; custom_padding__hover=&#8221;|||&#8221;][et_pb_text _builder_version=&#8221;4.16&#8243; text_font=&#8221;Montserrat||||||||&#8221; header_font=&#8221;||||||||&#8221; header_2_font=&#8221;Montserrat|700||on|||||&#8221; text_orientation=&#8221;justified&#8221; global_colors_info=&#8221;{}&#8221;]</p>
<div class="et_pb_text et_pb_module et_pb_bg_layout_light et_pb_text_align_left  et_pb_text_1">
<div class="et_pb_text_inner">
<h2>Description</h2>
</div>
</div>
<p><span>Véritable couteau-suisse, le Lat-Théo permet douches et bains. Une fois ses côtés rabattus il se<span class="Apple-converted-space">  </span>transformera aussi bien en un chariot de transfert ou en table à langer. Monté de base sur une embase en inox, le bain peut également être posé sur une baignoire.</span></p>
<p><span>Lat-Théo existe également pour les établissements de santé. Un version montée sur 4 vérins hydrauliques permettant d’abaisser ou de monter la base du bain et équipée de roulettes spécifiques aux hôpitaux.</span></p>
<p>[/et_pb_text][/et_pb_column][/et_pb_row][/et_pb_section][et_pb_section fb_built=&#8221;1&#8243; _builder_version=&#8221;4.16&#8243; custom_padding=&#8221;25.59375px|0px|0|0px|false|false&#8221; global_colors_info=&#8221;{}&#8221;][et_pb_row _builder_version=&#8221;4.16&#8243; custom_padding=&#8221;0|0px|12.796875px|0px|false|false&#8221; global_colors_info=&#8221;{}&#8221;][et_pb_column type=&#8221;4_4&#8243; _builder_version=&#8221;4.16&#8243; custom_padding=&#8221;|||&#8221; global_colors_info=&#8221;{}&#8221; custom_padding__hover=&#8221;|||&#8221;][et_pb_text _builder_version=&#8221;4.16&#8243; text_font=&#8221;Montserrat||||||||&#8221; header_font=&#8221;||||||||&#8221; header_2_font=&#8221;Montserrat|700||on|||||&#8221; text_orientation=&#8221;justified&#8221; global_colors_info=&#8221;{}&#8221;]</p>
<div class="et_pb_text et_pb_module et_pb_bg_layout_light et_pb_text_align_left  et_pb_text_1">
<div class="et_pb_text_inner">
<h2>caractéristiques</h2>
</div>
</div>
<p>[/et_pb_text][/et_pb_column][/et_pb_row][et_pb_row _builder_version=&#8221;4.16&#8243; global_colors_info=&#8221;{}&#8221;][et_pb_column type=&#8221;4_4&#8243; _builder_version=&#8221;4.16&#8243; custom_padding=&#8221;|||&#8221; global_colors_info=&#8221;{}&#8221; custom_padding__hover=&#8221;|||&#8221;][et_pb_text _builder_version=&#8221;4.16&#8243; text_font=&#8221;Montserrat||||||||&#8221; header_font=&#8221;||||||||&#8221; header_2_font=&#8221;Montserrat|700||on|||||&#8221; header_3_font=&#8221;Montserrat|||on|||||&#8221; text_orientation=&#8221;justified&#8221; global_colors_info=&#8221;{}&#8221;]</p>
<p><span>Références : LATSB, LATER, LATSBER</span></p>
<p><span><b>Longueur extérieure/intérieure</b> :<br />162/140cm</span></p>
<p><span><b>Largeur</b> :<br />60/50, 70/60, 80/70cm</span></p>
<p><span><b>Hauteur du bain </b><i>(bords)</i> :<br />31cm</span></p>
<p><span><b>Hauteur sur embase</b> :<br />86cm</span></p>
<p><span><b>Epaisseur</b><i> (plié)</i> :<br />21cm</span></p>
<p><span><b>Poids</b> :<br />14,4kg (LATSB 162/70), 19,2kg (LATER 162/70), 21,4kg (LATSBER  162/70)</span></p>
<p><span><b>Poids max. d&#8217;utilisation</b> <i>(personne+eau)</i> :<br />150kg</span></p>
<p><span><b>Coloris</b> :<br />Bleu, rouge, orange, jaune, gris, noir</span></p>
<p><span>*caractéristiques des modèles standards 162/70</span></p>
<p>[/et_pb_text][/et_pb_column][/et_pb_row][et_pb_row _builder_version=&#8221;4.16&#8243; global_colors_info=&#8221;{}&#8221;][et_pb_column type=&#8221;4_4&#8243; _builder_version=&#8221;4.16&#8243; custom_padding=&#8221;|||&#8221; global_colors_info=&#8221;{}&#8221; custom_padding__hover=&#8221;|||&#8221;][et_pb_button button_url=&#8221;http://www.agema-atheo.fr/wp-content/uploads/2024/12/AGEMA-Fiche-Lat-Theo-PDF-web.pdf&#8221; url_new_window=&#8221;on&#8221; button_text=&#8221;Fiche produit détaillée (PDF)&#8221; button_alignment=&#8221;center&#8221; _builder_version=&#8221;4.27.2&#8243; custom_button=&#8221;on&#8221; button_text_color=&#8221;#ffffff&#8221; button_bg_color=&#8221;#e53b9e&#8221; button_border_width=&#8221;0px&#8221; button_border_color=&#8221;#e53b9e&#8221; button_border_radius=&#8221;100px&#8221; button_letter_spacing=&#8221;0px&#8221; button_font=&#8221;||||||||&#8221; button_icon=&#8221;&#x68;||divi||400&#8243; hover_enabled=&#8221;0&#8243; global_colors_info=&#8221;{}&#8221; button_bg_color__hover_enabled=&#8221;on&#8221; button_bg_color__hover=&#8221;#e53b9e&#8221; sticky_enabled=&#8221;0&#8243;][/et_pb_button][/et_pb_column][/et_pb_row][/et_pb_section][et_pb_section fb_built=&#8221;1&#8243; _builder_version=&#8221;4.16&#8243; global_colors_info=&#8221;{}&#8221;][et_pb_row _builder_version=&#8221;4.16&#8243; global_colors_info=&#8221;{}&#8221;][et_pb_column type=&#8221;4_4&#8243; _builder_version=&#8221;4.16&#8243; custom_padding=&#8221;|||&#8221; global_colors_info=&#8221;{}&#8221; custom_padding__hover=&#8221;|||&#8221;][et_pb_text _builder_version=&#8221;4.16&#8243; text_font=&#8221;Montserrat||||||||&#8221; header_font=&#8221;||||||||&#8221; header_2_font=&#8221;Montserrat|700||on|||||&#8221; text_orientation=&#8221;justified&#8221; global_colors_info=&#8221;{}&#8221;]</p>
<div class="et_pb_text et_pb_module et_pb_bg_layout_light et_pb_text_align_left  et_pb_text_1">
<div class="et_pb_text_inner">
<h2>accessoires compatibles</h2>
</div>
</div>
<p>[/et_pb_text][et_pb_portfolio fullwidth=&#8221;off&#8221; posts_number=&#8221;20&#8243; include_categories=&#8221;30&#8243; show_categories=&#8221;off&#8221; show_pagination=&#8221;off&#8221; zoom_icon_color=&#8221;rgba(0,0,0,0)&#8221; _builder_version=&#8221;4.16&#8243; title_level=&#8221;h3&#8243; title_font=&#8221;Montserrat||||||||&#8221; title_font_size=&#8221;15px&#8221; global_colors_info=&#8221;{}&#8221;][/et_pb_portfolio][/et_pb_column][/et_pb_row][/et_pb_section]</p>

<p>Lat-Théo Brancard de bain ouvrant sur 2 côtés Description Véritable couteau-suisse, le Lat-Théo permet douches et bains. Une fois ses côtés rabattus il se  transformera aussi bien en un chariot de transfert ou en table à langer. Monté de base sur une embase en inox, le bain peut également être posé sur une baignoire. Lat-Théo [&hellip;]</p>
